s x(7)?
31
Let d(m) be the third derivative of m**5/30 - 7*m**3/6 - 112*m**2. Let w(v) = -v**2 - 10*v - 4. Let t be w(-9). Determine d(t).
43
Let v(o) = -o - 302 - 3*o**3 + 2*o**3 + 9*o**2 + 300. Suppose -3*m + j + 29 = 0, m - 45*j - 19 = -40*j. Give v(m).
-11
Let d(s) be the second derivative of 0 - 25*s + 1/24*s**4 + 0*s**2 - 7/3*s**3 + 1/20*s**5. Let o(v) be the second derivative of d(v). Give o(4).
25
Let f(l) = -7 - l**2 + 3*l**3 + 7*l**2 + 3*l - 3*l**3 + l**3. Suppose 19*r = 20*r - 30. Suppose -5*b + 4*w - 35 = 6, -5*w = -2*b - r. Give f(b).
3
Let j be 189/(-28) - (-255)/(-204). Let d(u) = 84*u + 666. Determine d(j).
-6
Let i(p) = 0 + 0 - 15*p. Suppose -6*o + 462 - 233 = 235. What is i(o)?
15
Suppose -3*j + 22*s - 49 = 27*s, -7*s = -7. Let i(p) = -p - 18. What is i(j)?
0
Let g(q) = q**3 - 9*q**2 + 8*q + 12. Let y(s) = -s**2 - 422*s + 7469. Let b be y(17). Give g(b).
-48
Let v be (-13 - -16)/(93/124). Let g(h) = 3*h - 5*h - 3*h - 2 - 1. Give g(v).
-23
Let u(t) = 5*t + 107. Let d(a) = a + 24. Let b(m) = 4*d(m) - u(m). Determine b(-14).
3
Let p(l) = -2*l**2 + 2907 - 9*l**2 + 2908 - l**3 - 5859 + 21*l. Calculate p(-13).
21
Let s(m) = 491 - 185 + 225*m + 363 - 140*m - 152*m. Give s(10).
-1
Let r(h) = 24*h - 36. Let o(t) = t - 1. Let x(k) = 5*o(k) - r(k). Let p be x(2). Let g(z) = -z**2 - 8*z + 5. Calculate g(p).
12
Let r be ((-387)/86)/(((-8)/12)/((-4)/3)). Let f(b) = -b**3 - 7*b**2 + 14*b - 9. Give f(r).
27
Suppose -5*p + 2*p + 729 = 4*x, -195 = -x - 5*p. Let w = x + -181. Let n(o) = -5*o**2 + o. Determine n(w).
-6
Let v(n) = 2*n**3 + 6*n**2 - 1. Let d be 6 - (5 + 14/(-3))*2004. Let y = -665 - d. Give v(y).
-1
Let m(v) be the second derivative of -v**4/12 - 11*v**3/6 + 17*v**2 + 1014*v + 2. Determine m(-14).
-8
Let d = -3548 + 3545. Let l(v) = -v**3 - 5*v**2 - 2*v + 3. What is l(d)?
-9
Suppose -54*a = -35*a + 19. Let i(t) = -23*t - 18. Give i(a).
5
Let u(q) = -q**2 + 10*q + 1. Let v(f) = 64*f - 7 - 35*f - 34*f - 33. Let y be v(-8). Let o be (-1 + y)/((-7)/70). What is u(o)?
1
Let r(z) = z + 17. Let x(h) = 2. Let t be 0 - 4/(-18) - 21/(-27). Let v(j) = t*r(j) + x(j). Calculate v(-14).
5
Let p(r) = -r - 7. Suppose 9*u + 52 = 322. Let f be -3 - ((-4)/(-10) - 102/u). Suppose f = 2*d - 6*s + 2*s + 30, 0 = -4*d - 2*s - 10. Give p(d).
-2
Let j(b) = 127*b - 60. Let f(q) = 1554*q - 721. Let v(g) = 4*f(g) - 49*j(g). Give v(8).
0
Suppose -5*r = -2*l + 37, -2*l + 2*r = 5*r - 13. Let g(a) = -11*a - l*a + 14*a + 17 + 12*a. Calculate g(-5).
-3
Let v = -5 + 6. Let a be 9 - v - 4/4. Let z(y) = 21*y - y**3 - 23*y + 7*y**2 + 4 + y**2 - 4*y**2 + 3*y**2. Determine z(a).
-10
Let r(k) = 8*k**2 + 10*k + 5. Let f(n) = -9*n**2 - 12*n - 6. Let y = 53 + -49. Let s(w) = y*f(w) + 5*r(w). What is s(2)?
21
Let u(y) = 19*y + 32. Let i(s) = 16*s + 30. Let a(h) = -6*i(h) + 5*u(h). Let j(c) = 2*c + 44. Let l(r) = -9*a(r) - 4*j(r). Give l(-8).
-4
Suppose 4*a + 0 = -2*v - 2, -5*v + 5 = 0. Let c = a + 0. Let z(s) = -19*s - 11*s**2 - 10*s - 7*s - 37*s - 11*s + 85*s. What is z(c)?
-12
Let o(y) = -y + 26. Let j be (-4 + (-64)/(-12))*9/2. Suppose 2*l = -3*s + j - 14, l + 4 = 5*s. What is o(s)?
26
Let f(w) be the second derivative of -w**4/12 + w**3 + 3*w**2/2 - 16*w. Let j be f(4). Suppose j*x + 20 = -24. Let i(y) = 6*y + 5. Give i(x).
-19
Let g = 89 + -95. Let l be ((-4)/g)/(8/36). Let y(u) = 6*u + 1 - l*u**3 - 9*u**2 - 3*u**3 + u + 7*u**3. Determine y(8).
-7
Let n(b) be the second derivative of b**5/20 - 4*b**4/3 + 8*b**3/3 - 8*b**2 + 1570*b. Calculate n(15).
-1
Suppose 0 = 5*q + 96*q - 202. Let g(m) be the third derivative of 0*m + 14*m**q + 0 - 3/2*m**3 - 1/12*m**4. Calculate g(-9).
9
Let s(a) be the first derivative of 4*a**3/3 + a**2/2 + 8*a - 4369. Calculate s(-4).
68
Suppose -5*z + 5*k = k + 79, -2*k = -5*z - 67. Let b(p) = -p**3 - 11*p**2 - 4*p - 22. Give b(z).
22
Let w(j) = -6*j**2 + 2*j - 1. Let r(x) = -x**3 - 9*x**2 + x - 2. Let g(v) = -v + 1. Let p(b) = -5*g(b) - r(b). Let i be p(-7). Let k = i + -66. What is w(k)?
-5
Let y(l) = 6*l + 4. Suppose 0 = -78*o + 80*o - 8. Suppose 5*h + 15 = 4*d, -o*h + 6*d - d - 12 = 0. Give y(h).
-14
Suppose 0 = 55*p - 52*p - 9. Let z(h) = h**2 - 1 + 11*h - 11*h - p*h. Determine z(3).
-1
Let p(h) = -2*h**2 - 4*h + 1. Let f be p(-3). Let k = 18 - 16. Let d(u) = -19 - 4*u + u + 17 - u**k - 3*u. What is d(f)?
3
Let p(d) = -3*d**2 - 32*d + 6. Let g be ((-11)/(-2))/(4 - 99/22). Calculate p(g).
-5
Let s(v) = v**2 + 19*v + 39. Let q = -574 - -558. What is s(q)?
-9
Suppose -4*n = 3*c - 47, -5*n + 5*c - 43 + 93 = 0. Let h(u) = -u**2 + 11*u + 2. Determine h(n).
2
Let q(j) be the third derivative of j**5/60 + 3*j**4/8 + 5*j**3/3 + 55*j**2 + 16*j. Calculate q(-9).
10
Let a(y) = y - 4. Let b(i) = i + 7. Let c(z) = -2*z + 37. Let p be c(18). Let u(j) = p*b(j) + 2*a(j). What is u(1)?
2
Let f(x) = 3*x. Suppose i = 2*i + t + 2, 2 = 5*i + t. Let h be f(i). Suppose h*m = 5*l + 2*m + 23, 0 = 3*l + 4*m + 23. Let k(g) = g. What is k(l)?
-5
Let m(p) be the second derivative of 5*p**3/6 - 10*p**2 - 528*p. Determine m(6).
10
Let q(h) be the second derivative of -2/3*h**3 + 0 + 2*h + 1/2*h**2. Suppose 31*t + 5*k + 50 = 26*t, -3*t - 10 = -2*k. Calculate q(t).
25
Let u(h) = -h**2 + 3*h - 2. Let s(k) = -k**2 - 15*k - 7. Let y(m) = -s(m) + 4*u(m). Give y(9).
-1
Let n(z) = -z**3 - 4*z**2 + z + 1. Let g = -60 - -56. Let o be (-5)/g - 10/8. Suppose -2*i - 2 = -2*b, 2*i + o*i + 20 = -4*b. What is n(i)?
-3
Let b be (5/10)/(0 + 3/30). Let m(s) = 31*s**2 + 8*s - 28*s**2 + b - 4*s**2. Give m(7).
12
Let t(b) be the second derivative of -b**4/12 + 7*b**3/3 - 15*b**2/2 - 4*b. Let n(c) = c**3 + 26*c**2 - 238*c + 62. Let d be n(7). What is t(d)?
-2
Let x = 8331 - 49985/6. Let n(m) be the third derivative of 0*m + 40*m**2 + 0 + 1/3*m**3 + x*m**4. Give n(2).
10
Let t(l) be the second derivative of -l**4/12 + 13*l**3/6 + 13*l**2/2 - 14*l - 2. Let b(x) = -4*x**2 + 40*x + 39. Let n(w) = -2*b(w) + 7*t(w). Calculate n(-9).
-5
Let n(y) = 8*y - 45. Let a be ((-384)/(-18))/(164/123). Give n(a).
83
Let h = -20511 + 20495. Let d(g) = -g**3 - 14*g**2 + 37*g + 10. Calculate d(h).
-70
Let l(x) = -11*x**2 - 19*x + 106. Let z(i) = i**2 + 2*i - 9. Let r(w) = -l(w) - 12*z(w). What is r(-10)?
-48
Let h(q) = -7*q + 26 + 13 + 87 - 47. Give h(13).
-12
Let n(o) = -o - 17. Let h(g) = -g**3 - 4*g**2 + 2*g. Let p be h(-3). Let q be n(p). Let s be (-2)/q + -9 + 14. Let d(v) = v**3 - 7*v**2 + 7*v + 1. Give d(s).
7
Suppose 352 + 98 = -5*x. Let k be 860/(-4)*110/(-275). Let s = x + k. Let p(a) = 3*a + 4. Calculate p(s).
-8
Let v(p) = 3*p - 16. Let w be -86*168/32*-2. Let a = 908 - w. Give v(a).
-1
Let r(o) = 33*o**3 - o**2 - 4*o + 4. Let s(g) = -76*g**3 + 2*g**2 + 9*g - 9. Let c(b) = -9*r(b) - 4*s(b). Calculate c(1).
8
Let k(m) be the first derivative of m**3/3 + 13*m**2/2 + 34*m - 2813. Determine k(-10).
4
Suppose -5*j = 3*y - 13, -y + 0*y - 3*j = -3. Let l = -8 - -10. Let m(i) = -i + 7 + l*i**2 + 5*i - 9*i**2 + i**3. Calculate m(y).
-5
Let n(s) be the second derivative of 3*s**4/4 + s**3/3 + s**2/2 + 3*s - 681. Give n(-1).
8
Let b(m) = 29*m - 752. Let v be b(26). Let s(i) be the third derivative of 0*i**5 - 7/40*i**6 + 0*i + 0*i**3 + 0 + 16*i**v + 1/24*i**4. What is s(1)?
-20
Let t(f) be the third derivative of -f**6/120 - 11*f**5/60 - 19*f**4/24 + 2*f**3 - f**2 - 141. Calculate t(-9).
21
Let r(f) = f**3 + 7*f**2 + 3*f + 1. Suppose -3*d - 751 = -184. Let u = d - -182. What is r(u)?
-20
Suppose 35*j - 222 = -47. Suppose -5*h - 15 = -j*q - 25, -q - 5*h + 10 = 0. Let a(y) = -y + 5. What is a(q)?
5
Let w(f) = -813*f + 4073. Let h be w(5). Let y(c) = 3*c**2 - 24*c - 2. Give y(h).
-2
Let z(k) = -27*k + 90*k - 29*k - 21*k - 24*k + 2. Calculate z(3).
-31
Let s(k) = -713 + 2*k - 3*k + 724. Suppose 2*o + o - 4*v - 12 = 0, 0 = -4*o + 5*v + 16. Suppose -3*z + 15 = 0, 3*f + 0 = o*z - 20. What is s(f)?
11
Let z = 7327 - 7329. Let r(l) = 8*l + 15. What is r(z)?
-1
Let b = 107 - 113. Let x(g) be the second derivative of g**4/12 + 7*g**3/6 + 11*g**2/2 + 5*g + 27. What is x(b)?
5
Let b(l) = -4640*l + 9279*l - 4636*l + 5 - 47. Determine b(18).
12
Let b(j) = 328*j + 2331. Let s be b(-7). Let v(o) = -o**2 + 35*o + 5. Give v(s).
5
Let k = 925 - 948. Let o(n) = -n**3 - 21*n**2 + 43*n - 58. Let i be o(k). Let z(w) = w**2 - 13*w + 